{"id":4692,"date":"2025-07-01T13:49:41","date_gmt":"2025-07-01T11:49:41","guid":{"rendered":"https:\/\/embangola.pl\/?page_id=4692"},"modified":"2025-12-09T04:13:29","modified_gmt":"2025-12-09T03:13:29","slug":"vistos","status":"publish","type":"page","link":"https:\/\/embangola.pl\/?page_id=4692","title":{"rendered":"Vistos"},"content":{"rendered":"\n<div class=\"wp-block-columns is-layout-flex wp-container-core-columns-is-layout-28f84493 wp-block-columns-is-layout-flex\">\n<div class=\"wp-block-column is-layout-flow wp-block-column-is-layout-flow\" style=\"flex-basis:66.66%\">\n<figure class=\"wp-block-image size-full is-style-default\"><img loading=\"lazy\" decoding=\"async\" width=\"1536\" height=\"1024\" src=\"https:\/\/embangola.pl\/wp-content\/uploads\/2025\/07\/vistos-1.png\" alt=\"\" class=\"wp-image-4816\" srcset=\"https:\/\/embangola.pl\/wp-content\/uploads\/2025\/07\/vistos-1.png 1536w, https:\/\/embangola.pl\/wp-content\/uploads\/2025\/07\/vistos-1-300x200.png 300w\" sizes=\"auto, (max-width: 1536px) 100vw, 1536px\" \/><\/figure>\n<\/div>\n\n\n\n<div class=\"wp-block-column is-layout-flow wp-block-column-is-layout-flow\" style=\"flex-basis:33.33%\">\n<head>\n<style>\n.button {\n  border: none;\n  color: yellow;\n  padding: 15px 32px;\n  text-align: center;\n  text-decoration: none;\n  display: inline-block;\n  font-size: 16px;\n  margin: 8px 4px;\n  cursor: pointer;\n  border-radius: 8px;\n}\n\n.button1, .button2, .button3, .button4,\n.button5, .button6, .button7, .button8, .button9 {\n  background-color: #CD1C18;\n}\n\n.button:hover {\n  background-color: #a81612;\n}\n<\/style>\n<\/head>\n<body>\n\n<p> <strong> Clique para  Ver requisitos para os vistos: <\/strong><\/p>\n<button class=\"button button1\" onclick=\"window.location.href='https:\/\/embangola.pl\/?page_id=4827'\">Cortesia<\/button>\n<button class=\"button button2\" onclick=\"window.location.href='https:\/\/embangola.pl\/?page_id=4833'\">Curta Dura\u00e7\u00e3o<\/button>\n<button class=\"button button3\" onclick=\"window.location.href='https:\/\/embangola.pl\/?page_id=4836'\">Diplom\u00e1tico<\/button>\n<button class=\"button button4\" onclick=\"window.location.href='https:\/\/embangola.pl\/?page_id=4838'\">Estudo<\/button>\n<button class=\"button button5\" onclick=\"window.location.href='https:\/\/embangola.pl\/?page_id=4840'\">Perman\u00eancia Tempor\u00e1ria<\/button>\n<button class=\"button button6\" onclick=\"window.location.href='https:\/\/embangola.pl\/?page_id=4842'\">Trabalho<\/button>\n<button class=\"button button7\" onclick=\"window.location.href='https:\/\/embangola.pl\/?page_id=4846'\">Tr\u00e2nsito<\/button>\n<button class=\"button button8\" onclick=\"window.location.href='https:\/\/embangola.pl\/?page_id=5838'\">Turismo<\/button>\n<button class=\"button button9\" onclick=\"window.location.href='https:\/\/embangola.pl\/?page_id=4847'\">Isen\u00e7\u00e3o de Vistos<\/button>\n\n<\/body>\n<\/html>\n<\/div>\n<\/div>\n","protected":false},"excerpt":{"rendered":"<p>Clique para Ver requisitos para os vistos: Cortesia Curta Dura\u00e7\u00e3o Diplom\u00e1tico Estudo Perman\u00eancia Tempor\u00e1ria Trabalho Tr\u00e2nsito Turismo Isen\u00e7\u00e3o de Vistos<\/p>\n","protected":false},"author":1,"featured_media":0,"parent":0,"menu_order":0,"comment_status":"closed","ping_status":"closed","template":"","meta":{"inline_featured_image":false,"footnotes":""},"class_list":["post-4692","page","type-page","status-publish","hentry"],"acf":[],"yoast_head":"<!-- This site is optimized with the Yoast SEO plugin v19.6.1 - https:\/\/yoast.com\/wordpress\/plugins\/seo\/ -->\n<title>Vistos - Embaixada da Rep\u00fablica de Angola na Pol\u00f3nia, Let\u00f3nia, Est\u00f3nia e Litu\u00e2nia<\/title>\n<meta name=\"robots\" content=\"index, follow, max-snippet:-1, max-image-preview:large, max-video-preview:-1\" \/>\n<link rel=\"canonical\" href=\"https:\/\/embangola.pl\/?page_id=4692\" \/>\n<meta property=\"og:locale\" content=\"pl_PL\" \/>\n<meta property=\"og:type\" content=\"article\" \/>\n<meta property=\"og:title\" content=\"Vistos - Embaixada da Rep\u00fablica de Angola na Pol\u00f3nia, Let\u00f3nia, Est\u00f3nia e Litu\u00e2nia\" \/>\n<meta property=\"og:description\" content=\"Clique para Ver requisitos para os vistos: Cortesia Curta Dura\u00e7\u00e3o Diplom\u00e1tico Estudo Perman\u00eancia Tempor\u00e1ria Trabalho Tr\u00e2nsito Turismo Isen\u00e7\u00e3o de Vistos\" \/>\n<meta property=\"og:url\" content=\"https:\/\/embangola.pl\/?page_id=4692\" \/>\n<meta property=\"og:site_name\" content=\"Embaixada da Rep\u00fablica de Angola na Pol\u00f3nia, Let\u00f3nia, Est\u00f3nia e Litu\u00e2nia\" \/>\n<meta property=\"article:modified_time\" content=\"2025-12-09T03:13:29+00:00\" \/>\n<meta property=\"og:image\" content=\"https:\/\/embangola.pl\/wp-content\/uploads\/2025\/07\/vistos-1.png\" \/>\n<meta name=\"twitter:card\" content=\"summary_large_image\" \/>\n<meta name=\"twitter:label1\" content=\"Szacowany czas czytania\" \/>\n\t<meta name=\"twitter:data1\" content=\"1 minuta\" \/>\n<script type=\"application\/ld+json\" class=\"yoast-schema-graph\">{\"@context\":\"https:\/\/schema.org\",\"@graph\":[{\"@type\":\"WebPage\",\"@id\":\"https:\/\/embangola.pl\/?page_id=4692\",\"url\":\"https:\/\/embangola.pl\/?page_id=4692\",\"name\":\"Vistos - Embaixada da Rep\u00fablica de Angola na Pol\u00f3nia, Let\u00f3nia, Est\u00f3nia e Litu\u00e2nia\",\"isPartOf\":{\"@id\":\"https:\/\/embangola.pl\/#website\"},\"datePublished\":\"2025-07-01T11:49:41+00:00\",\"dateModified\":\"2025-12-09T03:13:29+00:00\",\"breadcrumb\":{\"@id\":\"https:\/\/embangola.pl\/?page_id=4692#breadcrumb\"},\"inLanguage\":\"pl-PL\",\"potentialAction\":[{\"@type\":\"ReadAction\",\"target\":[\"https:\/\/embangola.pl\/?page_id=4692\"]}]},{\"@type\":\"BreadcrumbList\",\"@id\":\"https:\/\/embangola.pl\/?page_id=4692#breadcrumb\",\"itemListElement\":[{\"@type\":\"ListItem\",\"position\":1,\"name\":\"Strona g\u0142\u00f3wna\",\"item\":\"https:\/\/embangola.pl\/\"},{\"@type\":\"ListItem\",\"position\":2,\"name\":\"Vistos\"}]},{\"@type\":\"WebSite\",\"@id\":\"https:\/\/embangola.pl\/#website\",\"url\":\"https:\/\/embangola.pl\/\",\"name\":\"Embaixada da Rep\u00fablica de Angola na Pol\u00f3nia, Let\u00f3nia, Est\u00f3nia e Litu\u00e2nia\",\"description\":\"\",\"potentialAction\":[{\"@type\":\"SearchAction\",\"target\":{\"@type\":\"EntryPoint\",\"urlTemplate\":\"https:\/\/embangola.pl\/?s={search_term_string}\"},\"query-input\":\"required name=search_term_string\"}],\"inLanguage\":\"pl-PL\"}]}<\/script>\n<!-- \/ Yoast SEO plugin. -->","yoast_head_json":{"title":"Vistos - Embaixada da Rep\u00fablica de Angola na Pol\u00f3nia, Let\u00f3nia, Est\u00f3nia e Litu\u00e2nia","robots":{"index":"index","follow":"follow","max-snippet":"max-snippet:-1","max-image-preview":"max-image-preview:large","max-video-preview":"max-video-preview:-1"},"canonical":"https:\/\/embangola.pl\/?page_id=4692","og_locale":"pl_PL","og_type":"article","og_title":"Vistos - Embaixada da Rep\u00fablica de Angola na Pol\u00f3nia, Let\u00f3nia, Est\u00f3nia e Litu\u00e2nia","og_description":"Clique para Ver requisitos para os vistos: Cortesia Curta Dura\u00e7\u00e3o Diplom\u00e1tico Estudo Perman\u00eancia Tempor\u00e1ria Trabalho Tr\u00e2nsito Turismo Isen\u00e7\u00e3o de Vistos","og_url":"https:\/\/embangola.pl\/?page_id=4692","og_site_name":"Embaixada da Rep\u00fablica de Angola na Pol\u00f3nia, Let\u00f3nia, Est\u00f3nia e Litu\u00e2nia","article_modified_time":"2025-12-09T03:13:29+00:00","og_image":[{"url":"https:\/\/embangola.pl\/wp-content\/uploads\/2025\/07\/vistos-1.png"}],"twitter_card":"summary_large_image","twitter_misc":{"Szacowany czas czytania":"1 minuta"},"schema":{"@context":"https:\/\/schema.org","@graph":[{"@type":"WebPage","@id":"https:\/\/embangola.pl\/?page_id=4692","url":"https:\/\/embangola.pl\/?page_id=4692","name":"Vistos - Embaixada da Rep\u00fablica de Angola na Pol\u00f3nia, Let\u00f3nia, Est\u00f3nia e Litu\u00e2nia","isPartOf":{"@id":"https:\/\/embangola.pl\/#website"},"datePublished":"2025-07-01T11:49:41+00:00","dateModified":"2025-12-09T03:13:29+00:00","breadcrumb":{"@id":"https:\/\/embangola.pl\/?page_id=4692#breadcrumb"},"inLanguage":"pl-PL","potentialAction":[{"@type":"ReadAction","target":["https:\/\/embangola.pl\/?page_id=4692"]}]},{"@type":"BreadcrumbList","@id":"https:\/\/embangola.pl\/?page_id=4692#breadcrumb","itemListElement":[{"@type":"ListItem","position":1,"name":"Strona g\u0142\u00f3wna","item":"https:\/\/embangola.pl\/"},{"@type":"ListItem","position":2,"name":"Vistos"}]},{"@type":"WebSite","@id":"https:\/\/embangola.pl\/#website","url":"https:\/\/embangola.pl\/","name":"Embaixada da Rep\u00fablica de Angola na Pol\u00f3nia, Let\u00f3nia, Est\u00f3nia e Litu\u00e2nia","description":"","potentialAction":[{"@type":"SearchAction","target":{"@type":"EntryPoint","urlTemplate":"https:\/\/embangola.pl\/?s={search_term_string}"},"query-input":"required name=search_term_string"}],"inLanguage":"pl-PL"}]}},"_links":{"self":[{"href":"https:\/\/embangola.pl\/index.php?rest_route=\/wp\/v2\/pages\/4692","targetHints":{"allow":["GET"]}}],"collection":[{"href":"https:\/\/embangola.pl\/index.php?rest_route=\/wp\/v2\/pages"}],"about":[{"href":"https:\/\/embangola.pl\/index.php?rest_route=\/wp\/v2\/types\/page"}],"author":[{"embeddable":true,"href":"https:\/\/embangola.pl\/index.php?rest_route=\/wp\/v2\/users\/1"}],"replies":[{"embeddable":true,"href":"https:\/\/embangola.pl\/index.php?rest_route=%2Fwp%2Fv2%2Fcomments&post=4692"}],"version-history":[{"count":51,"href":"https:\/\/embangola.pl\/index.php?rest_route=\/wp\/v2\/pages\/4692\/revisions"}],"predecessor-version":[{"id":5852,"href":"https:\/\/embangola.pl\/index.php?rest_route=\/wp\/v2\/pages\/4692\/revisions\/5852"}],"wp:attachment":[{"href":"https:\/\/embangola.pl\/index.php?rest_route=%2Fwp%2Fv2%2Fmedia&parent=4692"}],"curies":[{"name":"wp","href":"https:\/\/api.w.org\/{rel}","templated":true}]}}